{"id":623,"date":"2026-04-02T12:49:44","date_gmt":"2026-04-02T12:49:44","guid":{"rendered":"https:\/\/lctsystems.fr\/?page_id=623"},"modified":"2026-04-16T15:48:52","modified_gmt":"2026-04-16T15:48:52","slug":"services","status":"publish","type":"page","link":"https:\/\/lctsystems.fr\/index.php\/services\/","title":{"rendered":"Maintenance \/ D\u00e9pannage"},"content":{"rendered":"<div class=\"et_pb_section_0 et_pb_section et_section_regular et_flex_section\">\n<div class=\"et_pb_row_0 et_pb_row et_flex_row\">\n<div class=\"et_pb_column_0 et_pb_column et-last-child et_flex_column et_pb_css_mix_blend_mode_passthrough et_flex_column_24_24 et_flex_column_24_24_tablet et_flex_column_24_24_phone\">\n<div class=\"et_pb_heading_0 et_pb_heading et_pb_module et_flex_module preset--module--divi-heading--a37e5281-a096-4936-881d-685e490a1340\"><div class=\"et_pb_heading_container\"><\/div><\/div>\n<\/div>\n<\/div>\n<\/div>\n\n<div class=\"et_pb_section_1 et_pb_section et_section_regular et_flex_section\">\n<div class=\"et_pb_row_1 et_pb_row et_flex_row\">\n<div class=\"et_pb_column_1 et_pb_column et-last-child et_flex_column et_pb_css_mix_blend_mode_passthrough et_flex_column_24_24 et_flex_column_24_24_tablet et_flex_column_24_24_phone\">\n<div class=\"et_pb_text_0 et_pb_text et_pb_bg_layout_dark et_animated et_pb_module et_flex_module preset--module--divi-text--default\"><div class=\"et_pb_text_inner\"><p>Maintenance &amp; D\u00e9pannage informatique\u00a0<\/p>\n<\/div><\/div>\n<\/div>\n<\/div>\n\n<div class=\"et_pb_row_2 et_pb_row et_flex_row\">\n<div class=\"et_pb_column_2 et_pb_column et-last-child et_flex_column et_pb_css_mix_blend_mode_passthrough et_flex_column_24_24 et_flex_column_24_24_tablet et_flex_column_24_24_phone\">\n<div class=\"et_pb_text_1 et_pb_text et_pb_bg_layout_dark et_pb_module et_flex_module preset--module--divi-text--default\"><div class=\"et_pb_text_inner\"><p>Diagnostic gratuit \u2013 Intervention rapide \u2013 Pas de frais de d\u00e9placement <br \/>Nos services pour d\u00e9panner :<\/p>\n<\/div><\/div>\n<\/div>\n<\/div>\n\n<div class=\"et_pb_row_3 et_pb_row et_flex_row\">\n<div class=\"et_pb_column_3 et_pb_column et_flex_column et_pb_css_mix_blend_mode_passthrough et_flex_column_12_24 et_flex_column_12_24_tablet et_flex_column_24_24_phone\">\n<div class=\"et_pb_image_0 et_pb_image et_pb_module et_flex_module\"><span class=\"et_pb_image_wrap\"><img loading=\"lazy\" decoding=\"async\" src=\"https:\/\/lctsystems.fr\/wp-content\/uploads\/2026\/04\/pngtree-asian-technician-is-putting-the-central-processing-unit-on-the-socket-photo-image_15528562.png\" title=\"pngtree-asian-technician-is-putting-the-central-processing-unit-on-the-socket-photo-image_15528562\" width=\"643\" height=\"360\" srcset=\"https:\/\/lctsystems.fr\/wp-content\/uploads\/2026\/04\/pngtree-asian-technician-is-putting-the-central-processing-unit-on-the-socket-photo-image_15528562.png 643w, https:\/\/lctsystems.fr\/wp-content\/uploads\/2026\/04\/pngtree-asian-technician-is-putting-the-central-processing-unit-on-the-socket-photo-image_15528562-480x269.png 480w\" sizes=\"(min-width: 0px) and (max-width: 480px) 480px, (min-width: 481px) 643px, 100vw\" class=\"wp-image-719\" \/><\/span><\/div>\n<\/div>\n\n<div class=\"et_pb_column_4 et_pb_column et-last-child et_flex_column et_pb_css_mix_blend_mode_passthrough et_flex_column_12_24 et_flex_column_12_24_tablet et_flex_column_24_24_phone\">\n<div class=\"et_pb_text_2 et_pb_text et_pb_bg_layout_dark et_pb_module et_flex_module preset--module--divi-text--default\"><div class=\"et_pb_text_inner\"><p>- Diagnostic complet et gratuit (mat\u00e9riel et logiciel)<br \/>\n- R\u00e9paration de PC fixes et portables (toutes marques : Dell, HP, Lenovo, Asus, Acer, MSI\u2026)<br \/>\n- R\u00e9cup\u00e9ration de donn\u00e9es sur disques durs, SSD, cl\u00e9s USB et autres supports endommag\u00e9s<br \/>\n- Installation et configuration de syst\u00e8mes d\u2019exploitation (Windows 11, m\u00eame sur machines non compatibles officiellement, Linux)<\/p>\n<\/div><\/div>\n<\/div>\n<\/div>\n\n<div class=\"et_pb_row_4 et_pb_row et_flex_row\">\n<div class=\"et_pb_column_5 et_pb_column et-last-child et_flex_column et_pb_css_mix_blend_mode_passthrough et_flex_column_24_24 et_flex_column_24_24_tablet et_flex_column_24_24_phone\">\n<div class=\"et_pb_row_5 et_pb_row et_pb_row_nested et_flex_row\">\n<div class=\"et_pb_column_6 et_pb_column et-last-child et_flex_column et_pb_css_mix_blend_mode_passthrough et_flex_column_24_24 et_flex_column_24_24_tablet et_flex_column_24_24_phone\">\n<div class=\"et_pb_text_3 et_pb_text et_pb_bg_layout_dark et_pb_module et_flex_module preset--module--divi-text--default\"><div class=\"et_pb_text_inner\"><p>Votre PC ne d\u00e9marre plus ? \u00c9cran bleu ? Ralenti ? Nous diagnostiquons sans frais et rendons votre ordinateur presque comme neuf.<\/p>\n<\/div><\/div>\n<\/div>\n<\/div>\n<\/div>\n<\/div>\n\n<div class=\"et_pb_row_6 et_pb_row et_flex_row\">\n<div class=\"et_pb_column_7 et_pb_column et_flex_column et_pb_css_mix_blend_mode_passthrough et_flex_column_12_24 et_flex_column_12_24_tablet et_flex_column_24_24_phone\">\n<div class=\"et_pb_text_4 et_pb_text et_pb_bg_layout_dark et_pb_module et_flex_module preset--module--divi-text--default\"><div class=\"et_pb_text_inner\"><p style=\"text-align: center;\">Optimisation &amp; performance<\/p>\n<p style=\"text-align: center;\">Nettoyage en profondeur (virus, malwares, spywares, publicit\u00e9s intrusives)<br \/>Mises \u00e0 niveau mat\u00e9rielles (RAM, SSD, carte graphique) pour booster la rapidit\u00e9<br \/>Changement de batteries et d\u2019\u00e9crans sur ordinateurs portables<\/p>\n<p style=\"text-align: center;\"><strong>Offrez une seconde vie \u00e0 votre mat\u00e9riel : plus rapide, plus fluide, plus autonome tout en ma\u00eetrisant le budget.<\/strong><\/p>\n<\/div><\/div>\n<\/div>\n\n<div class=\"et_pb_column_8 et_pb_column et-last-child et_flex_column et_pb_css_mix_blend_mode_passthrough et_flex_column_12_24 et_flex_column_12_24_tablet et_flex_column_24_24_phone\">\n<div class=\"et_pb_image_1 et_pb_image et_pb_module et_flex_module\"><span class=\"et_pb_image_wrap\"><img loading=\"lazy\" decoding=\"async\" src=\"https:\/\/lctsystems.fr\/wp-content\/uploads\/2026\/04\/pexels-athena-2582932-scaled.jpg\" title=\"pexels-athena-2582932\" width=\"2560\" height=\"1707\" srcset=\"https:\/\/lctsystems.fr\/wp-content\/uploads\/2026\/04\/pexels-athena-2582932-scaled.jpg 2560w, https:\/\/lctsystems.fr\/wp-content\/uploads\/2026\/04\/pexels-athena-2582932-1280x854.jpg 1280w, https:\/\/lctsystems.fr\/wp-content\/uploads\/2026\/04\/pexels-athena-2582932-980x653.jpg 980w, https:\/\/lctsystems.fr\/wp-content\/uploads\/2026\/04\/pexels-athena-2582932-480x320.jpg 480w\" sizes=\"(min-width: 0px) and (max-width: 480px) 480px, (min-width: 481px) and (max-width: 980px) 980px, (min-width: 981px) and (max-width: 1280px) 1280px, (min-width: 1281px) 2560px, 100vw\" class=\"wp-image-608\" \/><\/span><\/div>\n<\/div>\n<\/div>\n\n<div class=\"et_pb_row_7 et_pb_row et_flex_row\">\n<div class=\"et_pb_column_9 et_pb_column et-last-child et_flex_column et_pb_css_mix_blend_mode_passthrough et_flex_column_24_24 et_flex_column_24_24_tablet et_flex_column_24_24_phone\">\n<div class=\"et_pb_text_5 et_pb_text et_pb_bg_layout_dark et_pb_module et_flex_module preset--module--divi-text--default\"><div class=\"et_pb_text_inner\"><p>Pourquoi nous choisir ? Pas de surprise, pas de jargon compliqu\u00e9. On vous explique tout simplement et on garantit la qualit\u00e9 du travail.<\/p>\n<\/div><\/div>\n<\/div>\n<\/div>\n<\/div>\n\n<div class=\"et_pb_section_2 et_pb_section et_section_regular et_flex_section\">\n<div class=\"et_pb_row_8 et_pb_row et_flex_row\">\n<div class=\"et_pb_column_10 et_pb_column et-last-child et_flex_column et_pb_css_mix_blend_mode_passthrough et_flex_column_24_24 et_flex_column_24_24_tablet et_flex_column_24_24_phone\">\n<div class=\"et_pb_gallery_0 et_pb_gallery et_pb_bg_layout_light et_pb_gallery_grid et_pb_module preset--module--divi-gallery--default\" data-auto-rotate=\"off\" data-auto-rotate-speed=\"\"><div class=\"et_pb_gallery_items et_post_gallery clearfix et_grid_module\" data-per_page=\"4\"><div class=\"et_pb_gallery_item et_pb_grid_item et_pb_gallery_item_0_0\"><div class=\"et_pb_gallery_image landscape\" data-per_page=\"4\"><a href=\"https:\/\/lctsystems.fr\/wp-content\/uploads\/2026\/04\/OptimaTools-1.jpg\" title=\"OptimaTools\"><img loading=\"lazy\" decoding=\"async\" width=\"400\" height=\"284\" src=\"https:\/\/lctsystems.fr\/wp-content\/uploads\/2026\/04\/OptimaTools-1-400x284.jpg\" alt=\"\" class=\"wp-image-725\" srcset=\"https:\/\/lctsystems.fr\/wp-content\/uploads\/2026\/04\/OptimaTools-1.jpg 479w, https:\/\/lctsystems.fr\/wp-content\/uploads\/2026\/04\/OptimaTools-1-400x284.jpg 480w\" sizes=\"(max-width:479px) 479px, 100vw\" \/><span class=\"et_overlay\" data-icon=\"\" data-icon-tablet=\"\" data-icon-phone=\"\"><\/span><\/a><\/div><\/div><div class=\"et_pb_gallery_item et_pb_grid_item et_pb_gallery_item_0_1\"><div class=\"et_pb_gallery_image landscape\" data-per_page=\"4\"><a href=\"https:\/\/lctsystems.fr\/wp-content\/uploads\/2026\/04\/pngtree-asian-technician-is-putting-the-central-processing-unit-on-the-socket-photo-image_15528562.png\" title=\"pngtree-asian-technician-is-putting-the-central-processing-unit-on-the-socket-photo-image_15528562\"><img loading=\"lazy\" decoding=\"async\" width=\"400\" height=\"284\" src=\"https:\/\/lctsystems.fr\/wp-content\/uploads\/2026\/04\/pngtree-asian-technician-is-putting-the-central-processing-unit-on-the-socket-photo-image_15528562-400x284.png\" alt=\"\" class=\"wp-image-719\" srcset=\"https:\/\/lctsystems.fr\/wp-content\/uploads\/2026\/04\/pngtree-asian-technician-is-putting-the-central-processing-unit-on-the-socket-photo-image_15528562.png 479w, https:\/\/lctsystems.fr\/wp-content\/uploads\/2026\/04\/pngtree-asian-technician-is-putting-the-central-processing-unit-on-the-socket-photo-image_15528562-400x284.png 480w\" sizes=\"(max-width:479px) 479px, 100vw\" \/><span class=\"et_overlay\" data-icon=\"\" data-icon-tablet=\"\" data-icon-phone=\"\"><\/span><\/a><\/div><\/div><div class=\"et_pb_gallery_item et_pb_grid_item et_pb_gallery_item_0_2\"><div class=\"et_pb_gallery_image landscape\" data-per_page=\"4\"><a href=\"https:\/\/lctsystems.fr\/wp-content\/uploads\/2026\/04\/pngtree-d-rendering-of-computer-mouse-and-magnifying-glass-for-enhanced-searching-image_13549011.png\" title=\"pngtree-d-rendering-of-computer-mouse-and-magnifying-glass-for-enhanced-searching-image_13549011\"><img loading=\"lazy\" decoding=\"async\" width=\"400\" height=\"284\" src=\"https:\/\/lctsystems.fr\/wp-content\/uploads\/2026\/04\/pngtree-d-rendering-of-computer-mouse-and-magnifying-glass-for-enhanced-searching-image_13549011-400x284.png\" alt=\"\" class=\"wp-image-720\" srcset=\"https:\/\/lctsystems.fr\/wp-content\/uploads\/2026\/04\/pngtree-d-rendering-of-computer-mouse-and-magnifying-glass-for-enhanced-searching-image_13549011.png 479w, https:\/\/lctsystems.fr\/wp-content\/uploads\/2026\/04\/pngtree-d-rendering-of-computer-mouse-and-magnifying-glass-for-enhanced-searching-image_13549011-400x284.png 480w\" sizes=\"(max-width:479px) 479px, 100vw\" \/><span class=\"et_overlay\" data-icon=\"\" data-icon-tablet=\"\" data-icon-phone=\"\"><\/span><\/a><\/div><\/div><div class=\"et_pb_gallery_item et_pb_grid_item et_pb_gallery_item_0_3\"><div class=\"et_pb_gallery_image landscape\" data-per_page=\"4\"><a href=\"https:\/\/lctsystems.fr\/wp-content\/uploads\/2026\/04\/istockphoto-1278759442-640x640-2.jpg\" title=\"istockphoto-1278759442-640x640\"><img loading=\"lazy\" decoding=\"async\" width=\"400\" height=\"284\" src=\"https:\/\/lctsystems.fr\/wp-content\/uploads\/2026\/04\/istockphoto-1278759442-640x640-2-400x284.jpg\" alt=\"\" class=\"wp-image-729\" srcset=\"https:\/\/lctsystems.fr\/wp-content\/uploads\/2026\/04\/istockphoto-1278759442-640x640-2.jpg 479w, https:\/\/lctsystems.fr\/wp-content\/uploads\/2026\/04\/istockphoto-1278759442-640x640-2-400x284.jpg 480w\" sizes=\"(max-width:479px) 479px, 100vw\" \/><span class=\"et_overlay\" data-icon=\"\" data-icon-tablet=\"\" data-icon-phone=\"\"><\/span><\/a><\/div><\/div><\/div><\/div>\n<\/div>\n<\/div>\n\n<div class=\"et_pb_row_9 et_pb_row et_flex_row\">\n<div class=\"et_pb_column_11 et_pb_column et-last-child et_flex_column et_pb_css_mix_blend_mode_passthrough et_flex_column_24_24 et_flex_column_24_24_tablet et_flex_column_24_24_phone\">\n<div class=\"et_pb_text_6 et_pb_text et_pb_bg_layout_dark et_pb_module et_flex_module preset--module--divi-text--default\"><div class=\"et_pb_text_inner\"><p>T\u00e9moignage<\/p>\n<\/div><\/div>\n<\/div>\n<\/div>\n\n<div class=\"et_pb_row_10 et_pb_row et_flex_row\">\n<div class=\"et_pb_column_12 et_pb_column et-last-child et_flex_column et_pb_css_mix_blend_mode_passthrough et_flex_column_24_24 et_flex_column_24_24_tablet et_flex_column_24_24_phone\">\n<div class=\"et_pb_text_7 et_pb_text et_pb_bg_layout_dark et_pb_module et_flex_module preset--module--divi-text--default\"><div class=\"et_pb_text_inner\"><p style=\"text-align: center;\"><strong>Intervention urgente<\/strong><\/p>\n<p style=\"text-align: center;\">\"Un dimanche soir \u00e0 19h, mon PC portable est tomb\u00e9 par terre. \u00c9cran cass\u00e9, impossible de travailler. J\u2019ai envoy\u00e9 un SMS \u00e0 LcT Systems en d\u00e9sespoir de cause. Ils m\u2019ont r\u00e9pondu dans l\u2019heure et sont venus le lendemain matin (lundi f\u00e9ri\u00e9 !). Ils ont chang\u00e9 l\u2019\u00e9cran sur place en 45 minutes. Facture claire, prix correct. Et en plus ils ont r\u00e9cup\u00e9r\u00e9 mes fichiers pour les mettre sur une cl\u00e9 au cas o\u00f9. Un service au-dessus de tout. Je ne ferai plus jamais appel \u00e0 personne d\u2019autre.\"<\/p>\n<p style=\"text-align: center;\"><strong>\u00c9lodie, 34 ans, Saint-Galmier<\/strong><\/p>\n<\/div><\/div>\n<\/div>\n<\/div>\n<\/div>","protected":false},"excerpt":{"rendered":"","protected":false},"author":1,"featured_media":0,"parent":0,"menu_order":0,"comment_status":"closed","ping_status":"closed","template":"","meta":{"footnotes":""},"class_list":["post-623","page","type-page","status-publish","hentry"],"_links":{"self":[{"href":"https:\/\/lctsystems.fr\/index.php\/wp-json\/wp\/v2\/pages\/623","targetHints":{"allow":["GET"]}}],"collection":[{"href":"https:\/\/lctsystems.fr\/index.php\/wp-json\/wp\/v2\/pages"}],"about":[{"href":"https:\/\/lctsystems.fr\/index.php\/wp-json\/wp\/v2\/types\/page"}],"author":[{"embeddable":true,"href":"https:\/\/lctsystems.fr\/index.php\/wp-json\/wp\/v2\/users\/1"}],"replies":[{"embeddable":true,"href":"https:\/\/lctsystems.fr\/index.php\/wp-json\/wp\/v2\/comments?post=623"}],"version-history":[{"count":20,"href":"https:\/\/lctsystems.fr\/index.php\/wp-json\/wp\/v2\/pages\/623\/revisions"}],"predecessor-version":[{"id":907,"href":"https:\/\/lctsystems.fr\/index.php\/wp-json\/wp\/v2\/pages\/623\/revisions\/907"}],"wp:attachment":[{"href":"https:\/\/lctsystems.fr\/index.php\/wp-json\/wp\/v2\/media?parent=623"}],"curies":[{"name":"wp","href":"https:\/\/api.w.org\/{rel}","templated":true}]}}