{"id":638,"date":"2026-04-02T13:11:13","date_gmt":"2026-04-02T13:11:13","guid":{"rendered":"https:\/\/lctsystems.fr\/?page_id=638"},"modified":"2026-04-16T15:41:52","modified_gmt":"2026-04-16T15:41:52","slug":"ventes-3","status":"publish","type":"page","link":"https:\/\/lctsystems.fr\/index.php\/ventes-3\/","title":{"rendered":"Ventes"},"content":{"rendered":"<div class=\"et_pb_section_0 et_pb_section et_section_regular et_flex_section\">\n<div class=\"et_pb_row_0 et_pb_row et_flex_row\">\n<div class=\"et_pb_column_0 et_pb_column et-last-child et_flex_column et_pb_css_mix_blend_mode_passthrough et_flex_column_24_24 et_flex_column_24_24_tablet et_flex_column_24_24_phone\">\n<div class=\"et_pb_heading_0 et_pb_heading et_pb_module et_flex_module preset--module--divi-heading--a37e5281-a096-4936-881d-685e490a1340\"><div class=\"et_pb_heading_container\"><\/div><\/div>\n<\/div>\n<\/div>\n<\/div>\n\n<div class=\"et_pb_section_1 et_pb_section et_section_regular et_flex_section\">\n<div class=\"et_pb_row_1 et_pb_row et_flex_row\">\n<div class=\"et_pb_column_1 et_pb_column et-last-child et_flex_column et_pb_css_mix_blend_mode_passthrough et_flex_column_24_24 et_flex_column_24_24_tablet et_flex_column_24_24_phone\">\n<div class=\"et_pb_text_0 et_pb_text et_pb_bg_layout_dark et_pb_module et_flex_module preset--module--divi-text--default\"><div class=\"et_pb_text_inner\"><p>Vente de mat\u00e9riel informatique \u2013 Neuf &amp; occasion\u00a0<\/p>\n<\/div><\/div>\n<\/div>\n<\/div>\n\n<div class=\"et_pb_row_2 et_pb_row et_flex_row\">\n<div class=\"et_pb_column_2 et_pb_column et-last-child et_flex_column et_pb_css_mix_blend_mode_passthrough et_flex_column_24_24 et_flex_column_24_24_tablet et_flex_column_24_24_phone\">\n<div class=\"et_pb_text_1 et_pb_text et_pb_bg_layout_dark et_pb_module et_flex_module preset--module--divi-text--default\"><div class=\"et_pb_text_inner\"><p><strong>Nous s\u00e9lectionnons et testons le mat\u00e9riel pour vous garantir qualit\u00e9 et durabilit\u00e9<\/strong><\/p>\n<\/div><\/div>\n<\/div>\n<\/div>\n\n<div class=\"et_pb_row_3 et_pb_row et_flex_row\">\n<div class=\"et_pb_column_3 et_pb_column et_flex_column et_pb_css_mix_blend_mode_passthrough et_flex_column_12_24 et_flex_column_12_24_tablet et_flex_column_24_24_phone\">\n<div class=\"et_pb_image_0 et_pb_image et_pb_module et_flex_module\"><span class=\"et_pb_image_wrap\"><img loading=\"lazy\" decoding=\"async\" src=\"https:\/\/lctsystems.fr\/wp-content\/uploads\/2026\/04\/electronics_top.webp\" title=\"electronics_top\" width=\"1246\" height=\"842\" srcset=\"https:\/\/lctsystems.fr\/wp-content\/uploads\/2026\/04\/electronics_top.webp 1246w, https:\/\/lctsystems.fr\/wp-content\/uploads\/2026\/04\/electronics_top-980x662.webp 980w, https:\/\/lctsystems.fr\/wp-content\/uploads\/2026\/04\/electronics_top-480x324.webp 480w\" sizes=\"(min-width: 0px) and (max-width: 480px) 480px, (min-width: 481px) and (max-width: 980px) 980px, (min-width: 981px) 1246px, 100vw\" class=\"wp-image-779\" \/><\/span><\/div>\n<\/div>\n\n<div class=\"et_pb_column_4 et_pb_column et-last-child et_flex_column et_pb_css_mix_blend_mode_passthrough et_flex_column_12_24 et_flex_column_12_24_tablet et_flex_column_24_24_phone\">\n<div class=\"et_pb_text_2 et_pb_text et_pb_bg_layout_dark et_pb_module et_flex_module preset--module--divi-text--default\"><div class=\"et_pb_text_inner\"><p style=\"text-align: center;\">Nous vendons :<br \/>\u2022 Ordinateurs de bureau et portables (neufs et occasions test\u00e9es)<br \/>\u2022 Serveurs, imprimantes, scanners<br \/>\u2022 Disques durs, SSD, cl\u00e9s USB, cartes m\u00e9moire<br \/>\u2022 C\u00e2bles, alimentations, batteries<br \/>\u2022 P\u00e9riph\u00e9riques (souris, claviers, webcams, casques)<br \/>\u2022 \u00c9crans et accessoires gaming<\/p>\n<\/div><\/div>\n<\/div>\n<\/div>\n\n<div class=\"et_pb_row_4 et_pb_row et_flex_row\">\n<div class=\"et_pb_column_5 et_pb_column et-last-child et_flex_column et_pb_css_mix_blend_mode_passthrough et_flex_column_24_24 et_flex_column_24_24_tablet et_flex_column_24_24_phone\">\n<div class=\"et_pb_text_3 et_pb_text et_pb_bg_layout_dark et_pb_module et_flex_module preset--module--divi-text--default\"><div class=\"et_pb_text_inner\"><p><strong><\/strong><\/p>\n<p><strong>Notre garantie :<\/strong> Tous nos produits d'occasion sont test\u00e9s, nettoy\u00e9s et reconditionn\u00e9s avec soin. Nous vous offrons une garantie minimale de 3 mois sur le mat\u00e9riel d'occasion.<\/p>\n<p><strong><\/strong><\/p>\n<p><strong>Besoin d'une configuration sur mesure ?<\/strong> Nous assemblons des PC personnalis\u00e9s pour le gaming, la bureautique, le graphisme ou le montage vid\u00e9o \u2013 la machine qui correspond exactement \u00e0 vos usages.<\/p>\n<p>&nbsp;<\/p>\n<p><strong>Devis gratuit<\/strong> pour toute demande d'achat ou d'assemblage.\u00a0<\/p>\n<\/div><\/div>\n\n<div class=\"et_pb_text_4 et_pb_text et_pb_bg_layout_dark et_pb_module et_flex_module preset--module--divi-text--default\"><\/div>\n<\/div>\n<\/div>\n<\/div>\n\n<div class=\"et_pb_section_2 et_pb_section et_section_regular et_flex_section\">\n<div class=\"et_pb_row_5 et_pb_row et_flex_row\">\n<div class=\"et_pb_column_6 et_pb_column et-last-child et_flex_column et_pb_css_mix_blend_mode_passthrough et_flex_column_24_24 et_flex_column_24_24_tablet et_flex_column_24_24_phone\">\n<div class=\"et_pb_gallery_0 et_pb_gallery et_pb_bg_layout_light et_pb_gallery_grid et_pb_module preset--module--divi-gallery--default\" data-auto-rotate=\"off\" data-auto-rotate-speed=\"\"><div class=\"et_pb_gallery_items et_post_gallery clearfix et_grid_module\" data-per_page=\"4\"><div class=\"et_pb_gallery_item et_pb_grid_item et_pb_gallery_item_0_0\"><div class=\"et_pb_gallery_image landscape\" data-per_page=\"4\"><a href=\"https:\/\/lctsystems.fr\/wp-content\/uploads\/2026\/04\/f10-img-1.png\" title=\"f10-img\"><img loading=\"lazy\" decoding=\"async\" width=\"400\" height=\"284\" src=\"https:\/\/lctsystems.fr\/wp-content\/uploads\/2026\/04\/f10-img-1-400x284.png\" alt=\"\" class=\"wp-image-783\" srcset=\"https:\/\/lctsystems.fr\/wp-content\/uploads\/2026\/04\/f10-img-1.png 479w, https:\/\/lctsystems.fr\/wp-content\/uploads\/2026\/04\/f10-img-1-400x284.png 480w\" sizes=\"(max-width:479px) 479px, 100vw\" \/><span class=\"et_overlay\" data-icon=\"\" data-icon-tablet=\"\" data-icon-phone=\"\"><\/span><\/a><\/div><\/div><div class=\"et_pb_gallery_item et_pb_grid_item et_pb_gallery_item_0_1\"><div class=\"et_pb_gallery_image landscape\" data-per_page=\"4\"><a href=\"https:\/\/lctsystems.fr\/wp-content\/uploads\/2026\/04\/accy-hero-1_mds_05-18-2025.jpg\" title=\"accy-hero-1_mds_05-18-2025\"><img loading=\"lazy\" decoding=\"async\" width=\"400\" height=\"284\" src=\"https:\/\/lctsystems.fr\/wp-content\/uploads\/2026\/04\/accy-hero-1_mds_05-18-2025-400x284.jpg\" alt=\"\" class=\"wp-image-762\" srcset=\"https:\/\/lctsystems.fr\/wp-content\/uploads\/2026\/04\/accy-hero-1_mds_05-18-2025.jpg 479w, https:\/\/lctsystems.fr\/wp-content\/uploads\/2026\/04\/accy-hero-1_mds_05-18-2025-400x284.jpg 480w\" sizes=\"(max-width:479px) 479px, 100vw\" \/><span class=\"et_overlay\" data-icon=\"\" data-icon-tablet=\"\" data-icon-phone=\"\"><\/span><\/a><\/div><\/div><div class=\"et_pb_gallery_item et_pb_grid_item et_pb_gallery_item_0_2\"><div class=\"et_pb_gallery_image landscape\" data-per_page=\"4\"><a href=\"https:\/\/lctsystems.fr\/wp-content\/uploads\/2026\/04\/i2.webp\" title=\"i2\"><img loading=\"lazy\" decoding=\"async\" width=\"400\" height=\"284\" src=\"https:\/\/lctsystems.fr\/wp-content\/uploads\/2026\/04\/i2-400x284.webp\" alt=\"\" class=\"wp-image-777\" srcset=\"https:\/\/lctsystems.fr\/wp-content\/uploads\/2026\/04\/i2.webp 479w, https:\/\/lctsystems.fr\/wp-content\/uploads\/2026\/04\/i2-400x284.webp 480w\" sizes=\"(max-width:479px) 479px, 100vw\" \/><span class=\"et_overlay\" data-icon=\"\" data-icon-tablet=\"\" data-icon-phone=\"\"><\/span><\/a><\/div><\/div><div class=\"et_pb_gallery_item et_pb_grid_item et_pb_gallery_item_0_3\"><div class=\"et_pb_gallery_image landscape\" data-per_page=\"4\"><a href=\"https:\/\/lctsystems.fr\/wp-content\/uploads\/2026\/04\/pngtree-d-illustration-of-professional-office-equipment-multifunction-printer-and-scanner-for-image_3886272.jpg\" title=\"pngtree-d-illustration-of-professional-office-equipment-multifunction-printer-and-scanner-for-image_3886272\"><img loading=\"lazy\" decoding=\"async\" width=\"400\" height=\"284\" src=\"https:\/\/lctsystems.fr\/wp-content\/uploads\/2026\/04\/pngtree-d-illustration-of-professional-office-equipment-multifunction-printer-and-scanner-for-image_3886272-400x284.jpg\" alt=\"\" class=\"wp-image-774\" srcset=\"https:\/\/lctsystems.fr\/wp-content\/uploads\/2026\/04\/pngtree-d-illustration-of-professional-office-equipment-multifunction-printer-and-scanner-for-image_3886272.jpg 479w, https:\/\/lctsystems.fr\/wp-content\/uploads\/2026\/04\/pngtree-d-illustration-of-professional-office-equipment-multifunction-printer-and-scanner-for-image_3886272-400x284.jpg 480w\" sizes=\"(max-width:479px) 479px, 100vw\" \/><span class=\"et_overlay\" data-icon=\"\" data-icon-tablet=\"\" data-icon-phone=\"\"><\/span><\/a><\/div><\/div><\/div><\/div>\n<\/div>\n<\/div>\n\n<div class=\"et_pb_row_6 et_pb_row et_flex_row\">\n<div class=\"et_pb_column_7 et_pb_column et-last-child et_flex_column et_pb_css_mix_blend_mode_passthrough et_flex_column_24_24 et_flex_column_24_24_tablet et_flex_column_24_24_phone\">\n<div class=\"et_pb_text_5 et_pb_text et_pb_bg_layout_dark et_pb_module et_flex_module preset--module--divi-text--default\"><div class=\"et_pb_text_inner\"><p>T\u00e9moignage<\/p>\n<\/div><\/div>\n<\/div>\n<\/div>\n\n<div class=\"et_pb_row_7 et_pb_row et_flex_row\">\n<div class=\"et_pb_column_8 et_pb_column et-last-child et_flex_column et_pb_css_mix_blend_mode_passthrough et_flex_column_24_24 et_flex_column_24_24_tablet et_flex_column_24_24_phone\">\n<div class=\"et_pb_text_6 et_pb_text et_pb_bg_layout_dark et_pb_module et_flex_module preset--module--divi-text--default\"><div class=\"et_pb_text_inner\"><p><strong>Vente d\u2019un PC reconditionn\u00e9 (petit budget)<\/strong><br \/>\"\u00c9tudiante, je n\u2019avais pas les moyens d\u2019acheter un ordinateur neuf. LcT Systems m\u2019a trouv\u00e9 un Dell Latitude reconditionn\u00e9 \u00e0 250\u20ac. Ils me l\u2019ont livr\u00e9 avec Windows 11 install\u00e9, les mises \u00e0 jour faites, et m\u00eame une souris offerte. Il tourne parfaitement pour mes cours (Word, Excel, visio). En plus, ils m\u2019ont promis un SAV pendant 3 mois. Franchement, rapport qualit\u00e9-prix imbattable.\"<br \/><strong>L\u00e9a, 22 ans, Saint-Martin-en-Haut<\/strong><\/p>\n<\/div><\/div>\n<\/div>\n<\/div>\n<\/div>","protected":false},"excerpt":{"rendered":"","protected":false},"author":1,"featured_media":0,"parent":0,"menu_order":0,"comment_status":"closed","ping_status":"closed","template":"","meta":{"footnotes":""},"class_list":["post-638","page","type-page","status-publish","hentry"],"_links":{"self":[{"href":"https:\/\/lctsystems.fr\/index.php\/wp-json\/wp\/v2\/pages\/638","targetHints":{"allow":["GET"]}}],"collection":[{"href":"https:\/\/lctsystems.fr\/index.php\/wp-json\/wp\/v2\/pages"}],"about":[{"href":"https:\/\/lctsystems.fr\/index.php\/wp-json\/wp\/v2\/types\/page"}],"author":[{"embeddable":true,"href":"https:\/\/lctsystems.fr\/index.php\/wp-json\/wp\/v2\/users\/1"}],"replies":[{"embeddable":true,"href":"https:\/\/lctsystems.fr\/index.php\/wp-json\/wp\/v2\/comments?post=638"}],"version-history":[{"count":10,"href":"https:\/\/lctsystems.fr\/index.php\/wp-json\/wp\/v2\/pages\/638\/revisions"}],"predecessor-version":[{"id":904,"href":"https:\/\/lctsystems.fr\/index.php\/wp-json\/wp\/v2\/pages\/638\/revisions\/904"}],"wp:attachment":[{"href":"https:\/\/lctsystems.fr\/index.php\/wp-json\/wp\/v2\/media?parent=638"}],"curies":[{"name":"wp","href":"https:\/\/api.w.org\/{rel}","templated":true}]}}