{"id":648,"date":"2026-04-02T13:16:31","date_gmt":"2026-04-02T13:16:31","guid":{"rendered":"https:\/\/lctsystems.fr\/?page_id=648"},"modified":"2026-04-16T15:47:30","modified_gmt":"2026-04-16T15:47:30","slug":"recuperation-de-donnees-2","status":"publish","type":"page","link":"https:\/\/lctsystems.fr\/index.php\/recuperation-de-donnees-2\/","title":{"rendered":"R\u00e9cup\u00e9ration de donn\u00e9es"},"content":{"rendered":"<div class=\"et_pb_section_0 et_pb_section et_section_regular et_flex_section\">\n<div class=\"et_pb_row_0 et_pb_row et_flex_row\">\n<div class=\"et_pb_column_0 et_pb_column et-last-child et_flex_column et_pb_css_mix_blend_mode_passthrough et_flex_column_24_24 et_flex_column_24_24_tablet et_flex_column_24_24_phone\">\n<div class=\"et_pb_heading_0 et_pb_heading et_pb_module et_flex_module preset--module--divi-heading--a37e5281-a096-4936-881d-685e490a1340\"><div class=\"et_pb_heading_container\"><\/div><\/div>\n<\/div>\n<\/div>\n<\/div>\n\n<div class=\"et_pb_section_1 et_pb_section et_section_regular et_flex_section\">\n<div class=\"et_pb_row_1 et_pb_row et_flex_row\">\n<div class=\"et_pb_column_1 et_pb_column et-last-child et_flex_column et_pb_css_mix_blend_mode_passthrough et_flex_column_24_24 et_flex_column_24_24_tablet et_flex_column_24_24_phone\">\n<div class=\"et_pb_text_0 et_pb_text et_pb_bg_layout_dark et_pb_module et_flex_module preset--module--divi-text--default\"><div class=\"et_pb_text_inner\"><p><strong>R\u00e9cup\u00e9ration de donn\u00e9es <\/strong><strong><\/strong><\/p>\n<\/div><\/div>\n<\/div>\n<\/div>\n\n<div class=\"et_pb_row_2 et_pb_row et_flex_row\">\n<div class=\"et_pb_column_2 et_pb_column et-last-child et_flex_column et_pb_css_mix_blend_mode_passthrough et_flex_column_24_24 et_flex_column_24_24_tablet et_flex_column_24_24_phone\">\n<div class=\"et_pb_text_1 et_pb_text et_pb_bg_layout_light et_pb_module et_flex_module preset--module--divi-text--default\">\n<div class=\"et_pb_text_2 et_pb_text et_pb_bg_layout_dark et_pb_module et_flex_module preset--module--divi-text--default\"><div class=\"et_pb_text_inner\"><p><strong>Photos, vid\u00e9os, documents professionnels\u2026 Nous les r\u00e9cup\u00e9rons<\/strong><\/p>\n<\/div><\/div>\n<\/div>\n<\/div>\n<\/div>\n\n<div class=\"et_pb_row_3 et_pb_row et_flex_row\">\n<div class=\"et_pb_column_3 et_pb_column et_flex_column et_pb_css_mix_blend_mode_passthrough et_flex_column_12_24 et_flex_column_12_24_tablet et_flex_column_24_24_phone\">\n<div class=\"et_pb_image_0 et_pb_image et_pb_module et_flex_module\"><span class=\"et_pb_image_wrap\"><img loading=\"lazy\" decoding=\"async\" src=\"https:\/\/lctsystems.fr\/wp-content\/uploads\/2026\/04\/C5OA-LhADl1FldV85m9zOoXXXL4j3HpexhjNOf_P3YmryPKwJ94QGRtDb3Sbc6KY.jpeg\" title=\"C5OA-LhADl1FldV85m9zOoXXXL4j3HpexhjNOf_P3YmryPKwJ94QGRtDb3Sbc6KY\" width=\"1086\" height=\"526\" srcset=\"https:\/\/lctsystems.fr\/wp-content\/uploads\/2026\/04\/C5OA-LhADl1FldV85m9zOoXXXL4j3HpexhjNOf_P3YmryPKwJ94QGRtDb3Sbc6KY.jpeg 1086w, https:\/\/lctsystems.fr\/wp-content\/uploads\/2026\/04\/C5OA-LhADl1FldV85m9zOoXXXL4j3HpexhjNOf_P3YmryPKwJ94QGRtDb3Sbc6KY-980x475.jpeg 980w, https:\/\/lctsystems.fr\/wp-content\/uploads\/2026\/04\/C5OA-LhADl1FldV85m9zOoXXXL4j3HpexhjNOf_P3YmryPKwJ94QGRtDb3Sbc6KY-480x232.jpeg 480w\" sizes=\"(min-width: 0px) and (max-width: 480px) 480px, (min-width: 481px) and (max-width: 980px) 980px, (min-width: 981px) 1086px, 100vw\" class=\"wp-image-855\" \/><\/span><\/div>\n<\/div>\n\n<div class=\"et_pb_column_4 et_pb_column et-last-child et_flex_column et_pb_css_mix_blend_mode_passthrough et_flex_column_12_24 et_flex_column_12_24_tablet et_flex_column_24_24_phone\">\n<div class=\"et_pb_text_3 et_pb_text et_pb_bg_layout_dark et_pb_module et_flex_module preset--module--divi-text--default\"><div class=\"et_pb_text_inner\"><p>Disque dur HS, cl\u00e9 USB qui ne marche plus, suppression par erreur \u2013 on vous sauve vos fichiers<\/p>\n<p>\u201cMon disque dur externe ne s\u2019affiche plus.\u201d \u201cJ\u2019ai effac\u00e9 mon PC par erreur.\u201d \u201cMes photos de vacances ont disparu.\u201d Pas de panique.<\/p>\n<p>Dans la plupart des cas, vos donn\u00e9es peuvent encore \u00eatre r\u00e9cup\u00e9r\u00e9es. On intervient chez vous ou \u00e0 l'atelier (selon la gravit\u00e9).<\/p>\n<\/div><\/div>\n<\/div>\n<\/div>\n\n<div class=\"et_pb_row_4 et_pb_row et_flex_row\">\n<div class=\"et_pb_column_5 et_pb_column et_flex_column et_pb_css_mix_blend_mode_passthrough et_flex_column_12_24 et_flex_column_12_24_tablet et_flex_column_24_24_phone\">\n<div class=\"et_pb_text_4 et_pb_text et_pb_bg_layout_dark et_pb_module et_flex_module preset--module--divi-text--default\"><div class=\"et_pb_text_inner\"><p>Supports que nous g\u00e9rons :<\/p>\n<p>\u2022 Disque dur interne (2,5\u2033 et 3,5\u2033)<br \/>\u2022 Disque dur externe (USB)<br \/>\u2022 SSD (toutes marques)<br \/>\u2022 Cl\u00e9 USB, carte SD, microSD<br \/>\u2022 Smartphone (Android seulement, si d\u00e9verrouill\u00e9<\/p>\n<p>Types de pertes possibles :<br \/>\u2022 Suppression par erreur (corbeille vid\u00e9e)<br \/>\u2022 Formatage rapide ou complet<br \/>\u2022 Disque non reconnu, bruit de clic \u00e9trange, affichage \u201cRAW\u201d<br \/>\u2022 Virus ou ransomware (chiffrement partiel)<\/p>\n<\/div><\/div>\n<\/div>\n\n<div class=\"et_pb_column_6 et_pb_column et-last-child et_flex_column et_pb_css_mix_blend_mode_passthrough et_flex_column_12_24 et_flex_column_12_24_tablet et_flex_column_24_24_phone\">\n<div class=\"et_pb_image_1 et_pb_image et_pb_module et_flex_module\"><span class=\"et_pb_image_wrap\"><img loading=\"lazy\" decoding=\"async\" src=\"https:\/\/lctsystems.fr\/wp-content\/uploads\/2026\/04\/recup.jpg\" title=\"recup\" width=\"530\" height=\"403\" srcset=\"https:\/\/lctsystems.fr\/wp-content\/uploads\/2026\/04\/recup.jpg 530w, https:\/\/lctsystems.fr\/wp-content\/uploads\/2026\/04\/recup-480x365.jpg 480w\" sizes=\"(min-width: 0px) and (max-width: 480px) 480px, (min-width: 481px) 530px, 100vw\" class=\"wp-image-852\" \/><\/span><\/div>\n<\/div>\n<\/div>\n<\/div>\n\n<div class=\"et_pb_section_2 et_pb_section et_section_regular et_flex_section\">\n<div class=\"et_pb_row_5 et_pb_row et_flex_row\">\n<div class=\"et_pb_column_7 et_pb_column et-last-child et_flex_column et_pb_css_mix_blend_mode_passthrough et_flex_column_24_24 et_flex_column_24_24_tablet et_flex_column_24_24_phone\">\n<div class=\"et_pb_gallery_0 et_pb_gallery et_pb_bg_layout_light et_pb_gallery_grid et_pb_module preset--module--divi-gallery--default\" data-auto-rotate=\"off\" data-auto-rotate-speed=\"\"><div class=\"et_pb_gallery_items et_post_gallery clearfix et_grid_module\" data-per_page=\"4\"><div class=\"et_pb_gallery_item et_pb_grid_item et_pb_gallery_item_0_0\"><div class=\"et_pb_gallery_image landscape\" data-per_page=\"4\"><a href=\"https:\/\/lctsystems.fr\/wp-content\/uploads\/2026\/04\/mot-de-passe.jpg\" title=\"Password. Computer security or safety concept. Laptop keyboard w\"><img loading=\"lazy\" decoding=\"async\" width=\"400\" height=\"284\" src=\"https:\/\/lctsystems.fr\/wp-content\/uploads\/2026\/04\/mot-de-passe-400x284.jpg\" alt=\"\" class=\"wp-image-851\" srcset=\"https:\/\/lctsystems.fr\/wp-content\/uploads\/2026\/04\/mot-de-passe.jpg 479w, https:\/\/lctsystems.fr\/wp-content\/uploads\/2026\/04\/mot-de-passe-400x284.jpg 480w\" sizes=\"(max-width:479px) 479px, 100vw\" \/><span class=\"et_overlay\" data-icon=\"\" data-icon-tablet=\"\" data-icon-phone=\"\"><\/span><\/a><\/div><\/div><div class=\"et_pb_gallery_item et_pb_grid_item et_pb_gallery_item_0_1\"><div class=\"et_pb_gallery_image landscape\" data-per_page=\"4\"><a href=\"https:\/\/lctsystems.fr\/wp-content\/uploads\/2026\/04\/Disque_dur_0007-scaled.jpg\" title=\"Disque_dur_0007\"><img loading=\"lazy\" decoding=\"async\" width=\"400\" height=\"284\" src=\"https:\/\/lctsystems.fr\/wp-content\/uploads\/2026\/04\/Disque_dur_0007-400x284.jpg\" alt=\"\" class=\"wp-image-860\" srcset=\"https:\/\/lctsystems.fr\/wp-content\/uploads\/2026\/04\/Disque_dur_0007-scaled.jpg 479w, https:\/\/lctsystems.fr\/wp-content\/uploads\/2026\/04\/Disque_dur_0007-400x284.jpg 480w\" sizes=\"(max-width:479px) 479px, 100vw\" \/><span class=\"et_overlay\" data-icon=\"\" data-icon-tablet=\"\" data-icon-phone=\"\"><\/span><\/a><\/div><\/div><div class=\"et_pb_gallery_item et_pb_grid_item et_pb_gallery_item_0_2\"><div class=\"et_pb_gallery_image landscape\" data-per_page=\"4\"><a href=\"https:\/\/lctsystems.fr\/wp-content\/uploads\/2026\/04\/recuperation-de-donnes-520x350-1.png\" title=\"recuperation-de-donnes-520x350\"><img loading=\"lazy\" decoding=\"async\" width=\"400\" height=\"284\" src=\"https:\/\/lctsystems.fr\/wp-content\/uploads\/2026\/04\/recuperation-de-donnes-520x350-1-400x284.png\" alt=\"\" class=\"wp-image-862\" srcset=\"https:\/\/lctsystems.fr\/wp-content\/uploads\/2026\/04\/recuperation-de-donnes-520x350-1.png 479w, https:\/\/lctsystems.fr\/wp-content\/uploads\/2026\/04\/recuperation-de-donnes-520x350-1-400x284.png 480w\" sizes=\"(max-width:479px) 479px, 100vw\" \/><span class=\"et_overlay\" data-icon=\"\" data-icon-tablet=\"\" data-icon-phone=\"\"><\/span><\/a><\/div><\/div><div class=\"et_pb_gallery_item et_pb_grid_item et_pb_gallery_item_0_3\"><div class=\"et_pb_gallery_image landscape\" data-per_page=\"4\"><a href=\"https:\/\/lctsystems.fr\/wp-content\/uploads\/2026\/04\/image-11665-8-scaled.jpg\" title=\"image-11665-8\"><img loading=\"lazy\" decoding=\"async\" width=\"400\" height=\"284\" src=\"https:\/\/lctsystems.fr\/wp-content\/uploads\/2026\/04\/image-11665-8-400x284.jpg\" alt=\"\" class=\"wp-image-858\" srcset=\"https:\/\/lctsystems.fr\/wp-content\/uploads\/2026\/04\/image-11665-8-scaled.jpg 479w, https:\/\/lctsystems.fr\/wp-content\/uploads\/2026\/04\/image-11665-8-400x284.jpg 480w\" sizes=\"(max-width:479px) 479px, 100vw\" \/><span class=\"et_overlay\" data-icon=\"\" data-icon-tablet=\"\" data-icon-phone=\"\"><\/span><\/a><\/div><\/div><\/div><\/div>\n<\/div>\n<\/div>\n\n<div class=\"et_pb_row_6 et_pb_row et_flex_row\">\n<div class=\"et_pb_column_8 et_pb_column et-last-child et_flex_column et_pb_css_mix_blend_mode_passthrough et_flex_column_24_24 et_flex_column_24_24_tablet et_flex_column_24_24_phone\">\n<div class=\"et_pb_text_5 et_pb_text et_pb_bg_layout_dark et_pb_module et_flex_module preset--module--divi-text--default\"><div class=\"et_pb_text_inner\"><p>T\u00e9moignage<\/p>\n<\/div><\/div>\n<\/div>\n<\/div>\n\n<div class=\"et_pb_row_7 et_pb_row et_flex_row\">\n<div class=\"et_pb_column_9 et_pb_column et-last-child et_flex_column et_pb_css_mix_blend_mode_passthrough et_flex_column_24_24 et_flex_column_24_24_tablet et_flex_column_24_24_phone\">\n<div class=\"et_pb_text_6 et_pb_text et_pb_bg_layout_light et_pb_module et_flex_module preset--module--divi-text--default\">\n<div class=\"et_pb_text_7 et_pb_text et_pb_bg_layout_dark et_animated et_pb_module et_flex_module preset--module--divi-text--default\"><div class=\"et_pb_text_inner\"><p><strong>R\u00e9cup\u00e9ration de donn\u00e9es (disque dur externe)<\/strong><\/p>\n<p>\"J\u2019avais dix ans de photos de famille sur un disque dur externe qui s\u2019est mis \u00e0 faire un bruit de clic bizarre. Je croyais que tout \u00e9tait perdu. LcT Systems a r\u00e9ussi \u00e0 r\u00e9cup\u00e9rer 98% de mes fichiers, y compris des vid\u00e9os que je n\u2019avais jamais sauvegard\u00e9es ailleurs. Ils m\u2019ont livr\u00e9 une cl\u00e9 USB avec tout dedans, et en plus, ils m\u2019ont expliqu\u00e9 comment mettre en place une sauvegarde automatique pour ne plus jamais revivre \u00e7a. C\u2019est un professionnel honn\u00eate et efficace.\"<\/p>\n<p><strong>Julien, 41 ans, Yzeron<\/strong><\/p>\n<\/div><\/div>\n<\/div>\n<\/div>\n<\/div>\n<\/div>","protected":false},"excerpt":{"rendered":"","protected":false},"author":1,"featured_media":0,"parent":0,"menu_order":0,"comment_status":"closed","ping_status":"closed","template":"","meta":{"footnotes":""},"class_list":["post-648","page","type-page","status-publish","hentry"],"_links":{"self":[{"href":"https:\/\/lctsystems.fr\/index.php\/wp-json\/wp\/v2\/pages\/648","targetHints":{"allow":["GET"]}}],"collection":[{"href":"https:\/\/lctsystems.fr\/index.php\/wp-json\/wp\/v2\/pages"}],"about":[{"href":"https:\/\/lctsystems.fr\/index.php\/wp-json\/wp\/v2\/types\/page"}],"author":[{"embeddable":true,"href":"https:\/\/lctsystems.fr\/index.php\/wp-json\/wp\/v2\/users\/1"}],"replies":[{"embeddable":true,"href":"https:\/\/lctsystems.fr\/index.php\/wp-json\/wp\/v2\/comments?post=648"}],"version-history":[{"count":5,"href":"https:\/\/lctsystems.fr\/index.php\/wp-json\/wp\/v2\/pages\/648\/revisions"}],"predecessor-version":[{"id":906,"href":"https:\/\/lctsystems.fr\/index.php\/wp-json\/wp\/v2\/pages\/648\/revisions\/906"}],"wp:attachment":[{"href":"https:\/\/lctsystems.fr\/index.php\/wp-json\/wp\/v2\/media?parent=648"}],"curies":[{"name":"wp","href":"https:\/\/api.w.org\/{rel}","templated":true}]}}