{"id":652,"date":"2026-04-02T13:20:56","date_gmt":"2026-04-02T13:20:56","guid":{"rendered":"https:\/\/lctsystems.fr\/?page_id=652"},"modified":"2026-04-16T16:30:51","modified_gmt":"2026-04-16T16:30:51","slug":"site-internet-2","status":"publish","type":"page","link":"https:\/\/lctsystems.fr\/index.php\/site-internet-2\/","title":{"rendered":"Site Internet"},"content":{"rendered":"<div class=\"et_pb_section_0 et_pb_section et_section_regular et_flex_section\">\n<div class=\"et_pb_row_0 et_pb_row et_flex_row\">\n<div class=\"et_pb_column_0 et_pb_column et-last-child et_flex_column et_pb_css_mix_blend_mode_passthrough et_flex_column_24_24 et_flex_column_24_24_tablet et_flex_column_24_24_phone\">\n<div class=\"et_pb_heading_0 et_pb_heading et_pb_module et_flex_module preset--module--divi-heading--a37e5281-a096-4936-881d-685e490a1340\"><div class=\"et_pb_heading_container\"><\/div><\/div>\n<\/div>\n<\/div>\n<\/div>\n\n<div class=\"et_pb_section_1 et_pb_section et_section_regular et_flex_section\">\n<div class=\"et_pb_row_1 et_pb_row et_flex_row\">\n<div class=\"et_pb_column_1 et_pb_column et-last-child et_flex_column et_pb_css_mix_blend_mode_passthrough et_flex_column_24_24 et_flex_column_24_24_tablet et_flex_column_24_24_phone\">\n<div class=\"et_pb_text_0 et_pb_text et_pb_bg_layout_dark et_pb_module et_flex_module preset--module--divi-text--default\"><div class=\"et_pb_text_inner\"><p>Cr\u00e9ation de site internet \u2013 Pour les pros, commer\u00e7ants et associations<\/p>\n<\/div><\/div>\n<\/div>\n<\/div>\n\n<div class=\"et_pb_row_2 et_pb_row et_flex_row\">\n<div class=\"et_pb_column_2 et_pb_column et-last-child et_flex_column et_pb_css_mix_blend_mode_passthrough et_flex_column_24_24 et_flex_column_24_24_tablet et_flex_column_24_24_phone\">\n<div class=\"et_pb_text_1 et_pb_text et_pb_bg_layout_dark et_pb_module et_flex_module preset--module--divi-text--default\"><div class=\"et_pb_text_inner\"><p><strong>Un site simple, efficace, visible sur mobile \u2013 sans engagement ni usine \u00e0 gaz<\/strong><\/p>\n<\/div><\/div>\n<\/div>\n<\/div>\n\n<div class=\"et_pb_row_3 et_pb_row et_flex_row\">\n<div class=\"et_pb_column_3 et_pb_column et_flex_column et_pb_css_mix_blend_mode_passthrough et_flex_column_12_24 et_flex_column_12_24_tablet et_flex_column_24_24_phone\">\n<div class=\"et_pb_image_0 et_pb_image et_pb_module et_flex_module\"><span class=\"et_pb_image_wrap\"><img loading=\"lazy\" decoding=\"async\" src=\"https:\/\/lctsystems.fr\/wp-content\/uploads\/2026\/04\/b9bc24acae5a0bc4bc52b219567dfab2.jpg\" title=\"b9bc24acae5a0bc4bc52b219567dfab2\" width=\"1600\" height=\"1200\" srcset=\"https:\/\/lctsystems.fr\/wp-content\/uploads\/2026\/04\/b9bc24acae5a0bc4bc52b219567dfab2.jpg 1600w, https:\/\/lctsystems.fr\/wp-content\/uploads\/2026\/04\/b9bc24acae5a0bc4bc52b219567dfab2-1280x960.jpg 1280w, https:\/\/lctsystems.fr\/wp-content\/uploads\/2026\/04\/b9bc24acae5a0bc4bc52b219567dfab2-980x735.jpg 980w, https:\/\/lctsystems.fr\/wp-content\/uploads\/2026\/04\/b9bc24acae5a0bc4bc52b219567dfab2-480x360.jpg 480w\" sizes=\"(min-width: 0px) and (max-width: 480px) 480px, (min-width: 481px) and (max-width: 980px) 980px, (min-width: 981px) and (max-width: 1280px) 1280px, (min-width: 1281px) 1600px, 100vw\" class=\"wp-image-919\" \/><\/span><\/div>\n<\/div>\n\n<div class=\"et_pb_column_4 et_pb_column et-last-child et_flex_column et_pb_css_mix_blend_mode_passthrough et_flex_column_12_24 et_flex_column_12_24_tablet et_flex_column_24_24_phone\">\n<div class=\"et_pb_text_2 et_pb_text et_pb_bg_layout_dark et_pb_module et_flex_module preset--module--divi-text--default\"><div class=\"et_pb_text_inner\"><p>Vous \u00eates artisan, commer\u00e7ant, lib\u00e9ral ou association et vous n\u2019avez pas de site internet \u2013 ou un site obsol\u00e8te ? Nous concevons des sites clairs, rapides \u00e0 charger et faciles \u00e0 mettre \u00e0 jour, \u00e0 partir de 490\u20ac tout compris.<\/p>\n<p><strong>Nos sites sont faits avec :<\/strong><\/p>\n<p>\u2022 WordPress (interface facile) ou solution statique ultra-rapide<br \/>\u2022 H\u00e9bergement en France (RGPD compatible)<br \/>\u2022 Certificat SSL (cadenas vert) offert\u00a0<\/p>\n<\/div><\/div>\n<\/div>\n<\/div>\n\n<div class=\"et_pb_row_4 et_pb_row et_flex_row\">\n<div class=\"et_pb_column_5 et_pb_column et-last-child et_flex_column et_pb_css_mix_blend_mode_passthrough et_flex_column_24_24 et_flex_column_24_24_tablet et_flex_column_24_24_phone\">\n<div class=\"et_pb_gallery_0 et_pb_gallery et_pb_bg_layout_light et_pb_gallery_grid et_pb_module preset--module--divi-gallery--default\" data-auto-rotate=\"off\" data-auto-rotate-speed=\"\"><div class=\"et_pb_gallery_items et_post_gallery clearfix et_grid_module\" data-per_page=\"4\"><div class=\"et_pb_gallery_item et_pb_grid_item et_pb_gallery_item_0_0\"><div class=\"et_pb_gallery_image landscape\" data-per_page=\"4\"><a href=\"https:\/\/lctsystems.fr\/wp-content\/uploads\/2026\/04\/360_F_5988453_pEwYPuyoMnZv5Hrja1nJy54dcIx0zwCe-2.jpg\" title=\"360_F_5988453_pEwYPuyoMnZv5Hrja1nJy54dcIx0zwCe\"><img loading=\"lazy\" decoding=\"async\" width=\"400\" height=\"284\" src=\"https:\/\/lctsystems.fr\/wp-content\/uploads\/2026\/04\/360_F_5988453_pEwYPuyoMnZv5Hrja1nJy54dcIx0zwCe-2-400x284.jpg\" alt=\"\" class=\"wp-image-920\" srcset=\"https:\/\/lctsystems.fr\/wp-content\/uploads\/2026\/04\/360_F_5988453_pEwYPuyoMnZv5Hrja1nJy54dcIx0zwCe-2.jpg 479w, https:\/\/lctsystems.fr\/wp-content\/uploads\/2026\/04\/360_F_5988453_pEwYPuyoMnZv5Hrja1nJy54dcIx0zwCe-2-400x284.jpg 480w\" sizes=\"(max-width:479px) 479px, 100vw\" \/><span class=\"et_overlay\" data-icon=\"\" data-icon-tablet=\"\" data-icon-phone=\"\"><\/span><\/a><\/div><\/div><div class=\"et_pb_gallery_item et_pb_grid_item et_pb_gallery_item_0_1\"><div class=\"et_pb_gallery_image landscape\" data-per_page=\"4\"><a href=\"https:\/\/lctsystems.fr\/wp-content\/uploads\/2026\/04\/d8394a17e53f99e854a0bf0e41ec51a5.jpg\" title=\"d8394a17e53f99e854a0bf0e41ec51a5\"><img loading=\"lazy\" decoding=\"async\" width=\"400\" height=\"284\" src=\"https:\/\/lctsystems.fr\/wp-content\/uploads\/2026\/04\/d8394a17e53f99e854a0bf0e41ec51a5-400x284.jpg\" alt=\"\" class=\"wp-image-921\" srcset=\"https:\/\/lctsystems.fr\/wp-content\/uploads\/2026\/04\/d8394a17e53f99e854a0bf0e41ec51a5.jpg 479w, https:\/\/lctsystems.fr\/wp-content\/uploads\/2026\/04\/d8394a17e53f99e854a0bf0e41ec51a5-400x284.jpg 480w\" sizes=\"(max-width:479px) 479px, 100vw\" \/><span class=\"et_overlay\" data-icon=\"\" data-icon-tablet=\"\" data-icon-phone=\"\"><\/span><\/a><\/div><\/div><div class=\"et_pb_gallery_item et_pb_grid_item et_pb_gallery_item_0_2\"><div class=\"et_pb_gallery_image landscape\" data-per_page=\"4\"><a href=\"https:\/\/lctsystems.fr\/wp-content\/uploads\/2026\/04\/image2.png\" title=\"image2\"><img loading=\"lazy\" decoding=\"async\" width=\"400\" height=\"284\" src=\"https:\/\/lctsystems.fr\/wp-content\/uploads\/2026\/04\/image2-400x284.png\" alt=\"\" class=\"wp-image-922\" srcset=\"https:\/\/lctsystems.fr\/wp-content\/uploads\/2026\/04\/image2.png 479w, https:\/\/lctsystems.fr\/wp-content\/uploads\/2026\/04\/image2-400x284.png 480w\" sizes=\"(max-width:479px) 479px, 100vw\" \/><span class=\"et_overlay\" data-icon=\"\" data-icon-tablet=\"\" data-icon-phone=\"\"><\/span><\/a><\/div><\/div><div class=\"et_pb_gallery_item et_pb_grid_item et_pb_gallery_item_0_3\"><div class=\"et_pb_gallery_image landscape\" data-per_page=\"4\"><a href=\"https:\/\/lctsystems.fr\/wp-content\/uploads\/2026\/04\/tht8Mgb3ULhK_ttPMbjTjQ.jpeg\" title=\"tht8Mgb3ULhK_ttPMbjTjQ\"><img loading=\"lazy\" decoding=\"async\" width=\"400\" height=\"284\" src=\"https:\/\/lctsystems.fr\/wp-content\/uploads\/2026\/04\/tht8Mgb3ULhK_ttPMbjTjQ-400x284.jpeg\" alt=\"\" class=\"wp-image-923\" srcset=\"https:\/\/lctsystems.fr\/wp-content\/uploads\/2026\/04\/tht8Mgb3ULhK_ttPMbjTjQ.jpeg 479w, https:\/\/lctsystems.fr\/wp-content\/uploads\/2026\/04\/tht8Mgb3ULhK_ttPMbjTjQ-400x284.jpeg 480w\" sizes=\"(max-width:479px) 479px, 100vw\" \/><span class=\"et_overlay\" data-icon=\"\" data-icon-tablet=\"\" data-icon-phone=\"\"><\/span><\/a><\/div><\/div><\/div><\/div>\n<\/div>\n<\/div>\n\n<div class=\"et_pb_row_5 et_pb_row et_flex_row\">\n<div class=\"et_pb_column_6 et_pb_column et_flex_column et_pb_css_mix_blend_mode_passthrough et_flex_column_8_24 et_flex_column_8_24_tablet et_flex_column_24_24_phone\">\n<div class=\"et_pb_text_3 et_pb_text et_pb_bg_layout_dark et_pb_module et_flex_module preset--module--divi-text--default\"><div class=\"et_pb_text_inner\"><p><strong>Offre \u201cVitrine\u201d \u2013 490\u20ac<\/strong><\/p>\n<p>\u2022 Jusqu\u2019\u00e0 5 pages (Accueil, Pr\u00e9sentation, Services, Contact, Mentions l\u00e9gales)<br \/>\u2022 Design responsive (s\u2019adapte aux smartphones)<br \/>\u2022 Formulaire de contact + carte Google Maps<br \/>\u2022 Nom de domaine (ex: vottreentreprise.fr) inclus<\/p>\n<\/div><\/div>\n<\/div>\n\n<div class=\"et_pb_column_7 et_pb_column et_flex_column et_pb_css_mix_blend_mode_passthrough et_flex_column_8_24 et_flex_column_8_24_tablet et_flex_column_24_24_phone\">\n<div class=\"et_pb_text_4 et_pb_text et_pb_bg_layout_dark et_pb_module et_flex_module preset--module--divi-text--default\"><div class=\"et_pb_text_inner\"><p><strong>Offre \u201cPro\u201d \u2013 790\u20ac<\/strong><\/p>\n<p>\u2022 Jusqu\u2019\u00e0 10 pages<br \/>\u2022 Galerie photo \/ avant-apr\u00e8s<br \/>\u2022 Blog (actualit\u00e9s, conseils)<br \/>\u2022 Optimisation SEO de base (pour Google)<br \/>\u2022 Bouton d\u2019appel WhatsApp \/ t\u00e9l\u00e9phone<br \/>\u2022 Statistiques de visite (simple)<\/p>\n<\/div><\/div>\n<\/div>\n\n<div class=\"et_pb_column_8 et_pb_column et-last-child et_flex_column et_pb_css_mix_blend_mode_passthrough et_flex_column_8_24 et_flex_column_8_24_tablet et_flex_column_24_24_phone\">\n<div class=\"et_pb_text_5 et_pb_text et_pb_bg_layout_dark et_pb_module et_flex_module preset--module--divi-text--default\"><div class=\"et_pb_text_inner\"><p><strong>Offre \u201cE-commerce\u201d \u2013 1490\u20ac<\/strong><\/p>\n<p>\u2022 Catalogue produits (jusqu\u2019\u00e0 50 r\u00e9f\u00e9rences)<br \/>\u2022 Paiement s\u00e9curis\u00e9 (Stripe, PayPal)<br \/>\u2022 Gestion des stocks simplifi\u00e9e<br \/>\u2022 Livraison \/ retrait sur place<\/p>\n<\/div><\/div>\n<\/div>\n<\/div>\n<\/div>\n\n<div class=\"et_pb_section_2 et_pb_section et_section_regular et_flex_section\">\n<div class=\"et_pb_row_6 et_pb_row et_flex_row\">\n<div class=\"et_pb_column_9 et_pb_column et-last-child et_flex_column et_pb_css_mix_blend_mode_passthrough et_flex_column_24_24 et_flex_column_24_24_tablet et_flex_column_24_24_phone\">\n<div class=\"et_pb_gallery_1 et_pb_gallery et_pb_bg_layout_light et_pb_gallery_grid et_pb_module preset--module--divi-gallery--default\" data-auto-rotate=\"off\" data-auto-rotate-speed=\"\"><div class=\"et_pb_gallery_items et_post_gallery clearfix et_grid_module\" data-per_page=\"4\"><div class=\"et_pb_gallery_item et_pb_grid_item et_pb_gallery_item_1_0\"><div class=\"et_pb_gallery_image landscape\" data-per_page=\"4\"><a href=\"https:\/\/lctsystems.fr\/wp-content\/uploads\/2026\/04\/3cf18a3249f1e44e33efb6961bc3491b-1.png\" title=\"3cf18a3249f1e44e33efb6961bc3491b\"><img loading=\"lazy\" decoding=\"async\" width=\"400\" height=\"284\" src=\"https:\/\/lctsystems.fr\/wp-content\/uploads\/2026\/04\/3cf18a3249f1e44e33efb6961bc3491b-1-400x284.png\" alt=\"\" class=\"wp-image-924\" srcset=\"https:\/\/lctsystems.fr\/wp-content\/uploads\/2026\/04\/3cf18a3249f1e44e33efb6961bc3491b-1.png 479w, https:\/\/lctsystems.fr\/wp-content\/uploads\/2026\/04\/3cf18a3249f1e44e33efb6961bc3491b-1-400x284.png 480w\" sizes=\"(max-width:479px) 479px, 100vw\" \/><span class=\"et_overlay\" data-icon=\"\" data-icon-tablet=\"\" data-icon-phone=\"\"><\/span><\/a><\/div><\/div><div class=\"et_pb_gallery_item et_pb_grid_item et_pb_gallery_item_1_1\"><div class=\"et_pb_gallery_image landscape\" data-per_page=\"4\"><a href=\"https:\/\/lctsystems.fr\/wp-content\/uploads\/2026\/04\/360_F_5988453_pEwYPuyoMnZv5Hrja1nJy54dcIx0zwCe-3.jpg\" title=\"360_F_5988453_pEwYPuyoMnZv5Hrja1nJy54dcIx0zwCe\"><img loading=\"lazy\" decoding=\"async\" width=\"400\" height=\"284\" src=\"https:\/\/lctsystems.fr\/wp-content\/uploads\/2026\/04\/360_F_5988453_pEwYPuyoMnZv5Hrja1nJy54dcIx0zwCe-3-400x284.jpg\" alt=\"\" class=\"wp-image-925\" srcset=\"https:\/\/lctsystems.fr\/wp-content\/uploads\/2026\/04\/360_F_5988453_pEwYPuyoMnZv5Hrja1nJy54dcIx0zwCe-3.jpg 479w, https:\/\/lctsystems.fr\/wp-content\/uploads\/2026\/04\/360_F_5988453_pEwYPuyoMnZv5Hrja1nJy54dcIx0zwCe-3-400x284.jpg 480w\" sizes=\"(max-width:479px) 479px, 100vw\" \/><span class=\"et_overlay\" data-icon=\"\" data-icon-tablet=\"\" data-icon-phone=\"\"><\/span><\/a><\/div><\/div><div class=\"et_pb_gallery_item et_pb_grid_item et_pb_gallery_item_1_2\"><div class=\"et_pb_gallery_image landscape\" data-per_page=\"4\"><a href=\"https:\/\/lctsystems.fr\/wp-content\/uploads\/2026\/04\/dlaczego-nie-mam-internetu-sprawdz-co-moze-byc-przyczyna.jpg\" title=\"dlaczego-nie-mam-internetu-sprawdz-co-moze-byc-przyczyna\"><img loading=\"lazy\" decoding=\"async\" width=\"400\" height=\"284\" src=\"https:\/\/lctsystems.fr\/wp-content\/uploads\/2026\/04\/dlaczego-nie-mam-internetu-sprawdz-co-moze-byc-przyczyna-400x284.jpg\" alt=\"\" class=\"wp-image-926\" srcset=\"https:\/\/lctsystems.fr\/wp-content\/uploads\/2026\/04\/dlaczego-nie-mam-internetu-sprawdz-co-moze-byc-przyczyna.jpg 479w, https:\/\/lctsystems.fr\/wp-content\/uploads\/2026\/04\/dlaczego-nie-mam-internetu-sprawdz-co-moze-byc-przyczyna-400x284.jpg 480w\" sizes=\"(max-width:479px) 479px, 100vw\" \/><span class=\"et_overlay\" data-icon=\"\" data-icon-tablet=\"\" data-icon-phone=\"\"><\/span><\/a><\/div><\/div><div class=\"et_pb_gallery_item et_pb_grid_item et_pb_gallery_item_1_3\"><div class=\"et_pb_gallery_image landscape\" data-per_page=\"4\"><a href=\"https:\/\/lctsystems.fr\/wp-content\/uploads\/2026\/04\/i12-scaled.webp\" title=\"i12\"><img loading=\"lazy\" decoding=\"async\" width=\"400\" height=\"284\" src=\"https:\/\/lctsystems.fr\/wp-content\/uploads\/2026\/04\/i12-400x284.webp\" alt=\"\" class=\"wp-image-927\" srcset=\"https:\/\/lctsystems.fr\/wp-content\/uploads\/2026\/04\/i12-scaled.webp 479w, https:\/\/lctsystems.fr\/wp-content\/uploads\/2026\/04\/i12-400x284.webp 480w\" sizes=\"(max-width:479px) 479px, 100vw\" \/><span class=\"et_overlay\" data-icon=\"\" data-icon-tablet=\"\" data-icon-phone=\"\"><\/span><\/a><\/div><\/div><\/div><\/div>\n<\/div>\n<\/div>\n\n<div class=\"et_pb_row_7 et_pb_row et_flex_row\">\n<div class=\"et_pb_column_10 et_pb_column et-last-child et_flex_column et_pb_css_mix_blend_mode_passthrough et_flex_column_24_24 et_flex_column_24_24_tablet et_flex_column_24_24_phone\">\n<div class=\"et_pb_text_6 et_pb_text et_pb_bg_layout_dark et_pb_module et_flex_module preset--module--divi-text--default\"><div class=\"et_pb_text_inner\"><p>T\u00e9moignage<\/p>\n<\/div><\/div>\n<\/div>\n<\/div>\n\n<div class=\"et_pb_row_8 et_pb_row et_flex_row\">\n<div class=\"et_pb_column_11 et_pb_column et-last-child et_flex_column et_pb_css_mix_blend_mode_passthrough et_flex_column_24_24 et_flex_column_24_24_tablet et_flex_column_24_24_phone\">\n<div class=\"et_pb_text_7 et_pb_text et_pb_bg_layout_dark et_pb_module et_flex_module preset--module--divi-text--default\"><div class=\"et_pb_text_inner\"><p><strong>Cr\u00e9ation de site internet (artisan)<\/strong><\/p>\n<p>\"Je n\u2019avais pas de site internet, juste une page Facebook. LcT Systems m\u2019a fait un site vitrine simple avec mes r\u00e9alisations, mes coordonn\u00e9es et un formulaire de contact. Ils m\u2019ont montr\u00e9 comment ajouter moi-m\u00eame des photos. Le site est apparu sur Google au bout de 3 semaines. Maintenant je re\u00e7ois des devis via le site. Co\u00fbt tr\u00e8s raisonnable (moins de 600\u20ac). Je recommande \u00e0 tous les artisans du coin.\"<\/p>\n<p><strong>Alain, 52 ans, menuisier \u00e0 Soucieu-en-Jarrest<\/strong><\/p>\n<\/div><\/div>\n<\/div>\n<\/div>\n<\/div>","protected":false},"excerpt":{"rendered":"","protected":false},"author":1,"featured_media":0,"parent":0,"menu_order":0,"comment_status":"closed","ping_status":"closed","template":"","meta":{"footnotes":""},"class_list":["post-652","page","type-page","status-publish","hentry"],"_links":{"self":[{"href":"https:\/\/lctsystems.fr\/index.php\/wp-json\/wp\/v2\/pages\/652","targetHints":{"allow":["GET"]}}],"collection":[{"href":"https:\/\/lctsystems.fr\/index.php\/wp-json\/wp\/v2\/pages"}],"about":[{"href":"https:\/\/lctsystems.fr\/index.php\/wp-json\/wp\/v2\/types\/page"}],"author":[{"embeddable":true,"href":"https:\/\/lctsystems.fr\/index.php\/wp-json\/wp\/v2\/users\/1"}],"replies":[{"embeddable":true,"href":"https:\/\/lctsystems.fr\/index.php\/wp-json\/wp\/v2\/comments?post=652"}],"version-history":[{"count":3,"href":"https:\/\/lctsystems.fr\/index.php\/wp-json\/wp\/v2\/pages\/652\/revisions"}],"predecessor-version":[{"id":928,"href":"https:\/\/lctsystems.fr\/index.php\/wp-json\/wp\/v2\/pages\/652\/revisions\/928"}],"wp:attachment":[{"href":"https:\/\/lctsystems.fr\/index.php\/wp-json\/wp\/v2\/media?parent=652"}],"curies":[{"name":"wp","href":"https:\/\/api.w.org\/{rel}","templated":true}]}}